f 1498 and 4802?
14
What is the highest common divisor of 102624 and 24?
24
What is the greatest common divisor of 5292 and 39396?
588
What is the greatest common divisor of 8496 and 3792?
48
Calculate the greatest common divisor of 33 and 243.
3
What is the highest common divisor of 319 and 23461?
29
Calculate the greatest common divisor of 1 and 10501.
1
What is the highest common factor of 300 and 193950?
150
What is the greatest common factor of 2709 and 1791?
9
Calculate the highest common divisor of 246 and 22550.
82
Calculate the highest common factor of 58 and 2846234.
58
What is the greatest common divisor of 127957 and 8359?
643
Calculate the greatest common divisor of 14 and 88802.
14
What is the greatest common divisor of 658752 and 6?
6
What is the greatest common factor of 1552 and 317384?
776
What is the greatest common divisor of 144648 and 24?
24
What is the highest common factor of 72584 and 2321?
211
Calculate the greatest common divisor of 1192 and 96552.
1192
Calculate the highest common divisor of 21 and 77.
7
What is the highest common factor of 20 and 68810?
10
What is the highest common divisor of 69553 and 209?
11
Calculate the highest common divisor of 9176 and 192.
8
What is the greatest common divisor of 61 and 747311?
61
Calculate the greatest common divisor of 91 and 210028.
91
Calculate the highest common factor of 231 and 131775.
21
What is the highest common factor of 175 and 2317?
7
Calculate the greatest common factor of 728 and 16926.
182
Calculate the greatest common divisor of 11223 and 406.
29
Calculate the greatest common factor of 106 and 107749.
53
What is the greatest common divisor of 1569876 and 308?
308
Calculate the highest common divisor of 112 and 26957.
7
What is the highest common factor of 1700 and 3100?
100
Calculate the highest common divisor of 99898 and 1004.
502
What is the highest common divisor of 481525 and 5?
5
What is the greatest common divisor of 1582291 and 79?
79
What is the greatest common factor of 30225 and 8385?
195
What is the greatest common factor of 216905 and 355?
355
What is the highest common factor of 27019 and 15047?
41
Calculate the greatest common factor of 177 and 625164.
177
What is the highest common divisor of 19437 and 12617?
341
Calculate the highest common divisor of 373647 and 236.
59
Calculate the greatest common divisor of 9805 and 2405.
185
Calculate the greatest common divisor of 1621655 and 245.
245
What is the greatest common factor of 26 and 239?
1
What is the highest common divisor of 4704 and 432?
48
What is the greatest common factor of 1296 and 90?
18
Calculate the highest common divisor of 2574 and 6512.
22
Calculate the greatest common divisor of 52573 and 38.
19
What is the highest common factor of 116760 and 25200?
840
What is the highest common divisor of 32448 and 1521?
507
What is the greatest common factor of 265 and 44202?
53
Calculate the greatest common factor of 616 and 280.
56
What is the greatest common divisor of 1276 and 55187?
319
What is the highest common factor of 301 and 77787?
43
Calculate the greatest common factor of 77085 and 45.
45
What is the highest common factor of 5572 and 44974?
398
What is the greatest common divisor of 2325 and 894350?
775
What is the highest common divisor of 235 and 31443?
47
Calculate the highest common divisor of 252603 and 117.
117
What is the greatest common divisor of 2996 and 427?
7
What is the greatest common divisor of 128 and 3512?
8
Calculate the highest common factor of 12 and 9026508.
12
What is the highest common factor of 165 and 11880?
165
Calculate the highest common factor of 67735 and 76.
19
Calculate the highest common divisor of 52 and 1029899.
13
What is the greatest common factor of 50353 and 344?
43
Calculate the greatest common divisor of 3553 and 799.
17
Calculate the greatest common divisor of 2130964 and 133.
19
What is the greatest common divisor of 1528 and 5456106?
382
Calculate the greatest common factor of 379 and 160696.
379
Calculate the highest common divisor of 43121 and 93.
31
Calculate the highest common divisor of 2044276 and 156.
52
Calculate the greatest common divisor of 3618 and 936.
18
Calculate the highest common factor of 147 and 332829.
21
What is the greatest common factor of 102038 and 978?
326
Calculate the highest common factor of 543175 and 10.
5
Calculate the highest common divisor of 53306 and 66.
22
Calculate the greatest common divisor of 70 and 3472210.
70
Calculate the highest common factor of 3420 and 60330.
30
Calculate the greatest common divisor of 16 and 70768.
16
Calculate the greatest common factor of 3568725 and 9.
9
Calculate the highest common divisor of 3900 and 48984.
156
What is the highest common factor of 1 and 41843?
1
What is the highest common divisor of 4698 and 7134?
174
What is the highest common divisor of 1064 and 378?
14
What is the greatest common divisor of 10412002 and 1522?
1522
What is the greatest common divisor of 7511 and 228179?
259
What is the greatest common factor of 2156 and 39788?
196
What is the greatest common divisor of 1240 and 1070?
10
Calculate the highest common factor of 141 and 2046192.
141
Calculate the greatest common factor of 559944 and 84.
84
What is the greatest common divisor of 48 and 21920?
16
Calculate the greatest common factor of 40503 and 299.
23
What is the greatest common factor of 22 and 22415910?
22
What is the highest common divisor of 77 and 50116?
11
What is the greatest common factor of 46350 and 2650?
50
What is the highest common factor of 112 and 19504?
16
What is the greatest common factor of 1753828 and 1048?
524
Calculate the highest common divisor of 18020 and 884.
68
Calculate the highest common divisor of 225 and 5598.
9
Calculate the greatest common divisor of 1932 and 3948.
84
What is the highest common factor of 12282000 and 40?
40
What is the greatest common divisor of 451 and 832177?
41
What is the greatest common divisor of 41 and 63550?
41
Calculate the highest common factor of 73922 and 1012.
46
What is the greatest common factor of 580 and 50750?
290
What is the greatest common factor of 114584 and 8?
8
What is the highest common factor of 1327 and 15248557?
1327
Calculate the greatest common factor of 2022537 and 297.
33
What is the highest common factor of 60 and 472980?
60
Calculate the highest common factor of 1294335 and 980.
245
Calculate the highest common factor of 115884 and 22707.
783
Calculate the greatest common divisor of 1000882 and 304.
38
Calculate the greatest common divisor of 6610 and 35.
5
What is the greatest common divisor of 32685 and 135?
15
What is the greatest common factor of 26389 and 88?
11
Calculate the highest common divisor of 2548 and 26509.
49
Calculate the highest common divisor of 323 and 22882.
17
What is the greatest common divisor of 4150 and 1270?
10
Calculate the highest common factor of 2737 and 4347.
161
What is the greatest common factor of 630 and 15270?
30
Calculate the greatest common factor of 3105 and 21015.
45
What is the greatest common factor of 2660 and 7714?
266
Calculate the highest common factor of 78 and 29978.
26
What is the highest common factor of 4676 and 56?
28
Calculate the greatest common divisor of 77 and 72996.
77
Calculate the greatest common divisor of 47944 and 416.
104
Calculate the greatest common divisor of 20208 and 4.
4
Calculate the highest common factor of 106262 and 26.
26
What is the greatest common factor of 4383 and 45?
9
Calculate the highest common divisor of 2334582 and 243.
81
What is the highest common factor of 1062796 and 28?
28
What is the greatest common factor of 19154 and 17113?
157
Calculate the greatest common divisor of 14644574 and 14.
14
Calculate the greatest common factor of 336 and 25008.
48
What is the highest common factor of 106 and 16114226?
106
What is the greatest common divisor of 7904 and 228?
76
Calculate the highest common divisor of 61241 and 47.
47
What is the greatest common factor of 180 and 183420?
180
What is the highest common factor of 580 and 12340?
20
What is the greatest common factor of 629 and 13855?
17
What is the greatest common factor of 16340 and 7068?
76
What is the highest common divisor of 306 and 252603?
153
What is the